{"id":373465,"date":"2024-01-22T17:07:15","date_gmt":"2024-01-22T16:07:15","guid":{"rendered":"https:\/\/www.flmedical.com\/regolamento-whistleblowing-copy\/"},"modified":"2024-06-05T15:15:29","modified_gmt":"2024-06-05T13:15:29","slug":"privacy-whistleblowing-di-fl-medical","status":"publish","type":"page","link":"https:\/\/www.flmedical.com\/it\/privacy-whistleblowing-di-fl-medical\/","title":{"rendered":"Privacy Whistleblowing di FL Medical"},"content":{"rendered":"\r\n<h5 class=\"wp-block-heading\">INFORMATIVA PER IL TRATTAMENTO DEI DATI PERSONALI, PROCEDURA DI WHISTEBLOWING<br>nel rispetto del Regolamento UE 2016\/679 e del DECRETO LEGISLATIVO 10 marzo 2023, n. 24<br>Attuazione della direttiva (UE) 2019\/1937 del Parlamento europeo e del Consiglio, del 23 ottobre 2019, riguardante la protezione delle persone che segnalano violazioni del diritto dell\u2019Unione e recante disposizioni riguardanti la protezione delle persone che segnalano violazioni delle disposizioni normative nazionali.<\/h5>\r\n\r\n\r\n\r\n<div style=\"height:20px\" aria-hidden=\"true\" class=\"wp-block-spacer\"><\/div>\r\n\r\n\r\n\r\n<h3 class=\"wp-block-heading has-text-color has-link-color wp-elements-40333c661f98218f91cf8ad160d4e7d1\" style=\"color:#118375\"><strong>Chi \u00e8 il titolare del trattamento dei tuoi dati se segnali violazioni ai sensi del D. Lgs 24\/23?<\/strong><\/h3>\r\n\r\n\r\n\r\n<p>FL Medical, con sede in Via Enrico Mattei 20, Torreglia (PD), attiva nel campo della produzione di apparecchiature per laboratori, in qualit\u00e0 di titolare del trattamento, si preoccupa della riservatezza del segnalante e, quindi, dei tuoi dati personali per garantirne la protezione necessaria da ogni evento che possa metterli a rischio di violazione.<br>Il Titolare ha previsto una policy adeguata volta alla corretta e sicura raccolta e all\u2019utilizzo dei dati personali e all\u2019esercizio dei diritti che ti sono riconosciuti dalla normativa vigente. Il Titolare ha cura di aggiornare le policy e le prassi adottate per la protezione dei dati personali ogni volta che ci\u00f2 si renda necessario e comunque in caso di modifiche normative e organizzative che possano incidere sui trattamenti dei tuoi dati personali.<\/p>\r\n\r\n\r\n\r\n<h3 class=\"wp-block-heading has-text-color has-link-color wp-elements-8c25f874fe1139c73536d9e936c3285f\" style=\"color:#118375\"><strong>Quali tuoi dati il Titolare raccoglie?<\/strong><\/h3>\r\n\r\n\r\n\r\n<p>Il Titolare in relazione alle segnalazioni tutelate ella protezione prevista dal Decreto Legislativo 10 marzo 2023, n. 24 Attuazione della direttiva (UE) 2019\/1937 del Parlamento europeo e del Consiglio, del 23 ottobre 2019, pu\u00f2 raccogliere e\/o ricevere le seguenti informazioni che ti riguardano:<br>\u2013 nome, cognome;<br>\u2013 indirizzo fisico e telematico;<br>\u2013 numero di telefono fisso e\/o mobile;<br>\u2013 i dati forniti al fine di rappresentare le presunte condotte illecite delle quali il segnalante sia venuto a conoscenza in ragione del proprio rapporto di lavoro e\/o collaborazione con l\u2019azienda commesse dai soggetti che a vario titolo interagiscono con la stessa.<\/p>\r\n\r\n\r\n\r\n<h3 class=\"wp-block-heading has-text-color has-link-color wp-elements-f00652befe1d82de1260181d8d7527e8\" style=\"color:#118375\"><strong>Come e perch\u00e9 il Titolare raccoglie e tratta i tuoi dati personali?<\/strong><\/h3>\r\n\r\n\r\n\r\n<p>I tuoi dati saranno raccolti attraverso il sistema Trusty AG un fornitore di sistemi di segnalazione interna basati sul web, sicuri e anonimi, alla pagina&nbsp;<a href=\"https:\/\/www.flmedical.com\/whistleblowing\/\">https:\/\/www.flmedical.com\/whistleblowing\/<\/a>&nbsp;oppure con altre modalit\u00e0 da te scelte (email, pec, telefonata).<\/p>\r\n\r\n\r\n\r\n<p>I dati personali che ti riguardano saranno trattati per le finalit\u00e0 che seguono:<\/p>\r\n\r\n\r\n\r\n<p class=\"has-text-color has-link-color wp-elements-6c2e002d42a242f4449d8776c537dbf2\" style=\"color:#118375\"><strong>1) per l\u2019esecuzione e la gestione della procedura di segnalazione<\/strong><\/p>\r\n\r\n\r\n\r\n<figure class=\"wp-block-table\"><table><tbody><tr><td><strong>Finalit\u00e0<\/strong><\/td><td><strong>Base Giuridica<\/strong><\/td><\/tr><tr><td>&#8211; per l\u2019esecuzione e la gestione della procedura di segnalazione.<\/td><td>&#8211; Adempimento degli obblighi normativi connessi alla completa gestione della segnalazione dalla presentazione alla sua definizione.<\/td><\/tr><\/tbody><\/table><\/figure>\r\n\r\n\r\n\r\n<p class=\"has-text-color has-link-color wp-elements-68ff76b13ae876dc3e57b971348ee751\" style=\"color:#118375\"><strong>2) per l\u2019archiviazione e la conservazione della segnalazione<\/strong><\/p>\r\n\r\n\r\n\r\n<figure class=\"wp-block-table\"><table><tbody><tr><td><strong>Finalit\u00e0<\/strong><\/td><td><strong>Base Giuridica<\/strong><\/td><\/tr><tr><td>&#8211; per l\u2019archiviazione e la conservazione della segnalazione.<\/td><td>&#8211; Adempimento degli obblighi normativi connessi alla completa gestione della segnalazione dalla presentazione alla sua definizione.<\/td><\/tr><\/tbody><\/table><\/figure>\r\n\r\n\r\n\r\n<p class=\"has-text-color has-link-color wp-elements-ad8676aa2fb946a0eec82351bdcc20c7\" style=\"color:#118375\"><strong>3) per attivit\u00e0 di sicurezza informatica<\/strong><\/p>\r\n\r\n\r\n\r\n<figure class=\"wp-block-table\"><table><tbody><tr><td><strong>Finalit\u00e0<\/strong><\/td><td><strong>Base Giuridica<\/strong><\/td><\/tr><tr><td>\u2013 controllo e monitoraggio dell\u2019utilizzo della strumentazione e delle infrastrutture informatiche di pertinenza del Titolare;<br>\u2013 implementazione procedure di rilevazione e notificazione delle violazioni di dati personali (data breach).<\/td><td>&#8211; Svolgimento attivit\u00e0 dipendenti dal rapporto instaurato;<br>&#8211; Adempimento di obblighi di legge (rilevazione e notificazione di eventi di data breach);<br>&#8211; Legittimo interesse.<\/td><\/tr><\/tbody><\/table><\/figure>\r\n\r\n\r\n\r\n<p>Il Titolare non trasferisce i tuoi dati personali all\u2019estero (paesi extra UE). Il database \u00e8 criptato e ospitato su server virtuali in centri dati ad alta sicurezza situati nell\u2019UE.<\/p>\r\n\r\n\r\n\r\n<h3 class=\"wp-block-heading has-text-color has-link-color wp-elements-6ad91ed10336b90924bf973b870d322d\" style=\"color:#118375\"><strong>A chi vengono comunicati i Tuoi dati<\/strong><\/h3>\r\n\r\n\r\n\r\n<p>Nel rispetto della normativa vigente i Tuoi dati sono riservati e trattati solo dagli incaricati dell\u2019azienda, e potranno essere oggetto di comunicazione alle Autorit\u00e0 competenti all\u2019esito delle indagini e per l\u2019adempimento degli obblighi normativi.<br>Si precisa che se l\u2019accusa \u00e8 basata, interamente o parzialmente, sulla segnalazione e la conoscenza dell\u2019identit\u00e0 del segnalante \u00e8 essenziale per la difesa dell\u2019accusato, la segnalazione pu\u00f2 essere utilizzata nel procedimento disciplinare scaturente dalla segnalazione solo con il consenso esplicito del segnalante alla divulgazione della propria identit\u00e0. Le sar\u00e0 notificato per iscritto dei motivi della divulgazione dei dati riservati, nel caso in cui sia indispensabile rivelare l\u2019identit\u00e0 del segnalante e le informazioni correlate anche per la difesa della persona coinvolta.<\/p>\r\n\r\n\r\n\r\n<h3 class=\"wp-block-heading has-text-color has-link-color wp-elements-e052118e04e21de7c9a1cb9f7d1956d8\" style=\"color:#118375\"><strong>Come, dove e per quanto tempo vengono conservati i tuoi dati?<\/strong><\/h3>\r\n\r\n\r\n\r\n<h3 class=\"wp-block-heading has-text-color has-link-color wp-elements-f1fae87a567bc05628347a8f4d5fd0e3\" style=\"color:#118375\">Come<\/h3>\r\n\r\n\r\n\r\n<p>Il trattamento dei dati \u00e8 eseguito a seconda dei casi attraverso supporti cartacei o sistemi informatici da parte dei soggetti appositamente autorizzati. L\u2019accesso ai tuoi dati personali \u00e8 consentito agli incaricati nella misura e nei limiti in cui \u00e8 necessario per il corretto svolgimento delle attivit\u00e0 di trattamento che ti riguardano.<br>FL Medical verifica periodicamente gli strumenti utilizzati per il trattamento dei dati personali e tutte le misure di sicurezza previste con costante aggiornamento delle stesse. In particolare rispetta tutti i diritti di cui agli artt. da 15 a 22 Regolamento UE 2016\/679, anche mediante i propri incaricati specificatamente istruiti a tale scopo.<br>Il Titolare garantisce che i dati che, anche a seguito delle verifiche, risultino eccedenti o non pertinenti non saranno utilizzati salvo che per l\u2019eventuale conservazione, a norma di legge, dell\u2019atto o del documento che li contiene.<\/p>\r\n\r\n\r\n\r\n<h3 class=\"wp-block-heading has-text-color has-link-color wp-elements-648ef99c1994cd56e3cb12e307319250\" style=\"color:#118375\">Dove<\/h3>\r\n\r\n\r\n\r\n<p>I dati oggetto di trattamento sono conservati in archivi cartacei, informatici ed elettronici, situati all\u2019interno dello spazio economico europeo, e sono assicurate idonee misure di sicurezza a protezione degli stessi.<\/p>\r\n\r\n\r\n\r\n<h3 class=\"wp-block-heading has-text-color has-link-color wp-elements-5fe314c65dfe4d41728196d6d9bcf12e\" style=\"color:#118375\">Quanto tempo<\/h3>\r\n\r\n\r\n\r\n<p>I tuoi dati personali raccolti in occasione della tua segnalazione vengono conservati per il tempo necessario al compimento degli adempimenti degli obblighi normativi connessi alla completa gestione della segnalazione dalla presentazione alla sua definizione e per gli adempimenti, anche di legge, che ne conseguono, in ogni caso non oltre 5 anni dalla chiusura della procedura.<\/p>\r\n\r\n\r\n\r\n<h3 class=\"wp-block-heading has-text-color has-link-color wp-elements-94f0e54c222c525e62932d452710e70d\" style=\"color:#118375\"><strong>Quali sono i tuoi diritti?<\/strong><\/h3>\r\n\r\n\r\n\r\n<p>In ogni momento, potrai esercitare, sussistendone i presupposti e contattando il titolare del trattamento all\u2019indirizzo&nbsp;<a href=\"mailto:%20info@flmedical.com\">info@flmedical.com<\/a>, i seguenti diritti, ai sensi degli artt. da 15 a 22 Regolamento UE 2016\/679:<br>a. chiedere la conferma dell\u2019esistenza o meno di propri dati personali e ottenere le indicazioni circa le finalit\u00e0 del trattamento, le categorie dei dati personali, i destinatari o le categorie di destinatari a cui i dati personali sono stati o saranno comunicati e, ove possibile, il periodo di conservazione;<br>b. ottenere la rettifica e la cancellazione dei dati;<br>c. ottenere la limitazione del trattamento quando ricorra una delle ipotesi previste dall\u2019art. 18 del Regolamento UE 2016\/679;<br>d. ottenere la portabilit\u00e0 dei dati, ossia riceverli da un titolare del trattamento, in un formato strutturato, di uso comune e leggibile da dispositivo automatico, e trasmetterli ad un altro titolare del trattamento senza impedimenti;<br>e. qualora il trattamento si basi sul consenso, revocarlo in qualsiasi momento senza pregiudicare la liceit\u00e0 del trattamento basata sul consenso prestato prima della revoca;<br>f. proporre reclamo al Garante per la protezione dei dati personali;<br>g. opporsi ad un processo decisionale automatizzato relativo alle persone fisiche, compresa l\u2019eventuale profilazione.<br>Nel caso serva a richiesta verr\u00e0 fornito apposito modulo.<br>Ti verr\u00e0 comunque dato un riscontro scritto entro 1 mese dalla richiesta. Il tempo della risposta potr\u00e0 essere pi\u00f9 lungo nei casi di particolare complessit\u00e0, ma in ogni caso non sar\u00e0 superiore a 3 mesi. In tali casi Il Titolare entro un mese dal ricevimento della tua richiesta, ti informer\u00e0 e ti metter\u00e0 al corrente dei motivi della proroga.<br>L\u2019esercizio dei diritti \u00e8, in linea di principio, gratuito, ma possono esservi eccezioni: nei casi di particolare complessit\u00e0 del riscontro, se si tratta di richieste manifestamente infondate, eccessive o anche ripetitive (art.12, par. 5), o se sono chieste pi\u00f9 \u201ccopie\u201d dei dati personali nel caso del diritto di accesso (art.15, par. 3). In quest\u2019ultima ipotesi, si terr\u00e0 conto dei costi amministrativi sostenuti.<\/p>\r\n\r\n\r\n\r\n<h3 class=\"wp-block-heading has-text-color has-link-color wp-elements-a2e434bda644e401cbdea655393d46c8\" style=\"color:#118375\"><strong>Altro<\/strong><\/h3>\r\n\r\n\r\n\r\n<p>Per qualsiasi chiarimento o dubbio in relazione alla policy sul trattamento dei dati di FL Medical e sulla presente informativa si invita a contattare il titolare del trattamento dei dati all\u2019indirizzo di posta elettronica&nbsp;<a href=\"mailto:%20info@flmedical.com\">info@flmedical.com<\/a> In caso di modifica della presente informativa sar\u00e0 nostra cura comunicare la nuova versione aggiornata.<\/p>\r\n","protected":false},"excerpt":{"rendered":"<p>INFORMATIVA PER IL TRATTAMENTO DEI DATI PERSONALI, PROCEDURA DI WHISTEBLOWINGnel rispetto del Regolamento UE 2016\/679 e del DECRETO LEGISLATIVO 10 marzo 2023, n. 24Attuazione della direttiva (UE) 2019\/1937 del Parlamento [&hellip;]<\/p>\n","protected":false},"author":1,"featured_media":0,"parent":0,"menu_order":0,"comment_status":"closed","ping_status":"closed","template":"","meta":{"_acf_changed":false,"_et_pb_use_builder":"","_et_pb_old_content":"","_et_gb_content_width":"","inline_featured_image":false,"_price":"","_stock":"","_tribe_ticket_header":"","_tribe_default_ticket_provider":"","_tribe_ticket_capacity":"0","_ticket_start_date":"","_ticket_end_date":"","_tribe_ticket_show_description":"","_tribe_ticket_show_not_going":false,"_tribe_ticket_use_global_stock":"","_tribe_ticket_global_stock_level":"","_global_stock_mode":"","_global_stock_cap":"","_tribe_rsvp_for_event":"","_tribe_ticket_going_count":"","_tribe_ticket_not_going_count":"","_tribe_tickets_list":"[]","_tribe_ticket_has_attendee_info_fields":false,"footnotes":""},"class_list":["post-373465","page","type-page","status-publish","hentry"],"acf":[],"ticketed":false,"_links":{"self":[{"href":"https:\/\/www.flmedical.com\/it\/wp-json\/wp\/v2\/pages\/373465","targetHints":{"allow":["GET"]}}],"collection":[{"href":"https:\/\/www.flmedical.com\/it\/wp-json\/wp\/v2\/pages"}],"about":[{"href":"https:\/\/www.flmedical.com\/it\/wp-json\/wp\/v2\/types\/page"}],"author":[{"embeddable":true,"href":"https:\/\/www.flmedical.com\/it\/wp-json\/wp\/v2\/users\/1"}],"replies":[{"embeddable":true,"href":"https:\/\/www.flmedical.com\/it\/wp-json\/wp\/v2\/comments?post=373465"}],"version-history":[{"count":0,"href":"https:\/\/www.flmedical.com\/it\/wp-json\/wp\/v2\/pages\/373465\/revisions"}],"wp:attachment":[{"href":"https:\/\/www.flmedical.com\/it\/wp-json\/wp\/v2\/media?parent=373465"}],"curies":[{"name":"wp","href":"https:\/\/api.w.org\/{rel}","templated":true}]}}

<h5 class="wp-block-heading">INFORMATIVA PER IL TRATTAMENTO DEI DATI PERSONALI, PROCEDURA DI WHISTEBLOWING<br>nel rispetto del Regolamento UE 2016/679 e del DECRETO LEGISLATIVO 10 marzo 2023, n. 24<br>Attuazione della direttiva (UE) 2019/1937 del Parlamento europeo e del Consiglio, del 23 ottobre 2019, riguardante la protezione delle persone che segnalano violazioni del diritto dell’Unione e recante disposizioni riguardanti la protezione delle persone che segnalano violazioni delle disposizioni normative nazionali.</h5>



<div style="height:20px" aria-hidden="true" class="wp-block-spacer"></div>



<h3 class="wp-block-heading has-text-color has-link-color wp-elements-40333c661f98218f91cf8ad160d4e7d1" style="color:#118375"><strong>Chi è il titolare del trattamento dei tuoi dati se segnali violazioni ai sensi del D. Lgs 24/23?</strong></h3>



<p>FL Medical, con sede in Via Enrico Mattei 20, Torreglia (PD), attiva nel campo della produzione di apparecchiature per laboratori, in qualità di titolare del trattamento, si preoccupa della riservatezza del segnalante e, quindi, dei tuoi dati personali per garantirne la protezione necessaria da ogni evento che possa metterli a rischio di violazione.<br>Il Titolare ha previsto una policy adeguata volta alla corretta e sicura raccolta e all’utilizzo dei dati personali e all’esercizio dei diritti che ti sono riconosciuti dalla normativa vigente. Il Titolare ha cura di aggiornare le policy e le prassi adottate per la protezione dei dati personali ogni volta che ciò si renda necessario e comunque in caso di modifiche normative e organizzative che possano incidere sui trattamenti dei tuoi dati personali.</p>



<h3 class="wp-block-heading has-text-color has-link-color wp-elements-8c25f874fe1139c73536d9e936c3285f" style="color:#118375"><strong>Quali tuoi dati il Titolare raccoglie?</strong></h3>



<p>Il Titolare in relazione alle segnalazioni tutelate ella protezione prevista dal Decreto Legislativo 10 marzo 2023, n. 24 Attuazione della direttiva (UE) 2019/1937 del Parlamento europeo e del Consiglio, del 23 ottobre 2019, può raccogliere e/o ricevere le seguenti informazioni che ti riguardano:<br>– nome, cognome;<br>– indirizzo fisico e telematico;<br>– numero di telefono fisso e/o mobile;<br>– i dati forniti al fine di rappresentare le presunte condotte illecite delle quali il segnalante sia venuto a conoscenza in ragione del proprio rapporto di lavoro e/o collaborazione con l’azienda commesse dai soggetti che a vario titolo interagiscono con la stessa.</p>



<h3 class="wp-block-heading has-text-color has-link-color wp-elements-f00652befe1d82de1260181d8d7527e8" style="color:#118375"><strong>Come e perché il Titolare raccoglie e tratta i tuoi dati personali?</strong></h3>



<p>I tuoi dati saranno raccolti attraverso il sistema Trusty AG un fornitore di sistemi di segnalazione interna basati sul web, sicuri e anonimi, alla pagina&nbsp;<a href="https://www.flmedical.com/whistleblowing/">https://www.flmedical.com/whistleblowing/</a>&nbsp;oppure con altre modalità da te scelte (email, pec, telefonata).</p>



<p>I dati personali che ti riguardano saranno trattati per le finalità che seguono:</p>



<p class="has-text-color has-link-color wp-elements-6c2e002d42a242f4449d8776c537dbf2" style="color:#118375"><strong>1) per l’esecuzione e la gestione della procedura di segnalazione</strong></p>



<figure class="wp-block-table"><table><tbody><tr><td><strong>Finalità</strong></td><td><strong>Base Giuridica</strong></td></tr><tr><td>&#8211; per l’esecuzione e la gestione della procedura di segnalazione.</td><td>&#8211; Adempimento degli obblighi normativi connessi alla completa gestione della segnalazione dalla presentazione alla sua definizione.</td></tr></tbody></table></figure>



<p class="has-text-color has-link-color wp-elements-68ff76b13ae876dc3e57b971348ee751" style="color:#118375"><strong>2) per l’archiviazione e la conservazione della segnalazione</strong></p>



<figure class="wp-block-table"><table><tbody><tr><td><strong>Finalità</strong></td><td><strong>Base Giuridica</strong></td></tr><tr><td>&#8211; per l’archiviazione e la conservazione della segnalazione.</td><td>&#8211; Adempimento degli obblighi normativi connessi alla completa gestione della segnalazione dalla presentazione alla sua definizione.</td></tr></tbody></table></figure>



<p class="has-text-color has-link-color wp-elements-ad8676aa2fb946a0eec82351bdcc20c7" style="color:#118375"><strong>3) per attività di sicurezza informatica</strong></p>



<figure class="wp-block-table"><table><tbody><tr><td><strong>Finalità</strong></td><td><strong>Base Giuridica</strong></td></tr><tr><td>– controllo e monitoraggio dell’utilizzo della strumentazione e delle infrastrutture informatiche di pertinenza del Titolare;<br>– implementazione procedure di rilevazione e notificazione delle violazioni di dati personali (data breach).</td><td>&#8211; Svolgimento attività dipendenti dal rapporto instaurato;<br>&#8211; Adempimento di obblighi di legge (rilevazione e notificazione di eventi di data breach);<br>&#8211; Legittimo interesse.</td></tr></tbody></table></figure>



<p>Il Titolare non trasferisce i tuoi dati personali all’estero (paesi extra UE). Il database è criptato e ospitato su server virtuali in centri dati ad alta sicurezza situati nell’UE.</p>



<h3 class="wp-block-heading has-text-color has-link-color wp-elements-6ad91ed10336b90924bf973b870d322d" style="color:#118375"><strong>A chi vengono comunicati i Tuoi dati</strong></h3>



<p>Nel rispetto della normativa vigente i Tuoi dati sono riservati e trattati solo dagli incaricati dell’azienda, e potranno essere oggetto di comunicazione alle Autorità competenti all’esito delle indagini e per l’adempimento degli obblighi normativi.<br>Si precisa che se l’accusa è basata, interamente o parzialmente, sulla segnalazione e la conoscenza dell’identità del segnalante è essenziale per la difesa dell’accusato, la segnalazione può essere utilizzata nel procedimento disciplinare scaturente dalla segnalazione solo con il consenso esplicito del segnalante alla divulgazione della propria identità. Le sarà notificato per iscritto dei motivi della divulgazione dei dati riservati, nel caso in cui sia indispensabile rivelare l’identità del segnalante e le informazioni correlate anche per la difesa della persona coinvolta.</p>



<h3 class="wp-block-heading has-text-color has-link-color wp-elements-e052118e04e21de7c9a1cb9f7d1956d8" style="color:#118375"><strong>Come, dove e per quanto tempo vengono conservati i tuoi dati?</strong></h3>



<h3 class="wp-block-heading has-text-color has-link-color wp-elements-f1fae87a567bc05628347a8f4d5fd0e3" style="color:#118375">Come</h3>



<p>Il trattamento dei dati è eseguito a seconda dei casi attraverso supporti cartacei o sistemi informatici da parte dei soggetti appositamente autorizzati. L’accesso ai tuoi dati personali è consentito agli incaricati nella misura e nei limiti in cui è necessario per il corretto svolgimento delle attività di trattamento che ti riguardano.<br>FL Medical verifica periodicamente gli strumenti utilizzati per il trattamento dei dati personali e tutte le misure di sicurezza previste con costante aggiornamento delle stesse. In particolare rispetta tutti i diritti di cui agli artt. da 15 a 22 Regolamento UE 2016/679, anche mediante i propri incaricati specificatamente istruiti a tale scopo.<br>Il Titolare garantisce che i dati che, anche a seguito delle verifiche, risultino eccedenti o non pertinenti non saranno utilizzati salvo che per l’eventuale conservazione, a norma di legge, dell’atto o del documento che li contiene.</p>



<h3 class="wp-block-heading has-text-color has-link-color wp-elements-648ef99c1994cd56e3cb12e307319250" style="color:#118375">Dove</h3>



<p>I dati oggetto di trattamento sono conservati in archivi cartacei, informatici ed elettronici, situati all’interno dello spazio economico europeo, e sono assicurate idonee misure di sicurezza a protezione degli stessi.</p>



<h3 class="wp-block-heading has-text-color has-link-color wp-elements-5fe314c65dfe4d41728196d6d9bcf12e" style="color:#118375">Quanto tempo</h3>



<p>I tuoi dati personali raccolti in occasione della tua segnalazione vengono conservati per il tempo necessario al compimento degli adempimenti degli obblighi normativi connessi alla completa gestione della segnalazione dalla presentazione alla sua definizione e per gli adempimenti, anche di legge, che ne conseguono, in ogni caso non oltre 5 anni dalla chiusura della procedura.</p>



<h3 class="wp-block-heading has-text-color has-link-color wp-elements-94f0e54c222c525e62932d452710e70d" style="color:#118375"><strong>Quali sono i tuoi diritti?</strong></h3>



<p>In ogni momento, potrai esercitare, sussistendone i presupposti e contattando il titolare del trattamento all’indirizzo&nbsp;<a href="mailto:%20info@flmedical.com">info@flmedical.com</a>, i seguenti diritti, ai sensi degli artt. da 15 a 22 Regolamento UE 2016/679:<br>a. chiedere la conferma dell’esistenza o meno di propri dati personali e ottenere le indicazioni circa le finalità del trattamento, le categorie dei dati personali, i destinatari o le categorie di destinatari a cui i dati personali sono stati o saranno comunicati e, ove possibile, il periodo di conservazione;<br>b. ottenere la rettifica e la cancellazione dei dati;<br>c. ottenere la limitazione del trattamento quando ricorra una delle ipotesi previste dall’art. 18 del Regolamento UE 2016/679;<br>d. ottenere la portabilità dei dati, ossia riceverli da un titolare del trattamento, in un formato strutturato, di uso comune e leggibile da dispositivo automatico, e trasmetterli ad un altro titolare del trattamento senza impedimenti;<br>e. qualora il trattamento si basi sul consenso, revocarlo in qualsiasi momento senza pregiudicare la liceità del trattamento basata sul consenso prestato prima della revoca;<br>f. proporre reclamo al Garante per la protezione dei dati personali;<br>g. opporsi ad un processo decisionale automatizzato relativo alle persone fisiche, compresa l’eventuale profilazione.<br>Nel caso serva a richiesta verrà fornito apposito modulo.<br>Ti verrà comunque dato un riscontro scritto entro 1 mese dalla richiesta. Il tempo della risposta potrà essere più lungo nei casi di particolare complessità, ma in ogni caso non sarà superiore a 3 mesi. In tali casi Il Titolare entro un mese dal ricevimento della tua richiesta, ti informerà e ti metterà al corrente dei motivi della proroga.<br>L’esercizio dei diritti è, in linea di principio, gratuito, ma possono esservi eccezioni: nei casi di particolare complessità del riscontro, se si tratta di richieste manifestamente infondate, eccessive o anche ripetitive (art.12, par. 5), o se sono chieste più “copie” dei dati personali nel caso del diritto di accesso (art.15, par. 3). In quest’ultima ipotesi, si terrà conto dei costi amministrativi sostenuti.</p>



<h3 class="wp-block-heading has-text-color has-link-color wp-elements-a2e434bda644e401cbdea655393d46c8" style="color:#118375"><strong>Altro</strong></h3>



<p>Per qualsiasi chiarimento o dubbio in relazione alla policy sul trattamento dei dati di FL Medical e sulla presente informativa si invita a contattare il titolare del trattamento dei dati all’indirizzo di posta elettronica&nbsp;<a href="mailto:%20info@flmedical.com">info@flmedical.com</a> In caso di modifica della presente informativa sarà nostra cura comunicare la nuova versione aggiornata.</p>
